{"id":1283,"date":"2024-10-07T08:50:30","date_gmt":"2024-10-07T06:50:30","guid":{"rendered":"https:\/\/sklep-basia.pl\/?post_type=product&#038;p=1283"},"modified":"2024-10-10T13:19:01","modified_gmt":"2024-10-10T11:19:01","slug":"lenor-plyn-do-plukania","status":"publish","type":"product","link":"https:\/\/sklep-basia.pl\/index.php\/product\/lenor-plyn-do-plukania\/","title":{"rendered":"Lenor p\u0142yn do p\u0142ukania"},"content":{"rendered":"<p>P\u0142yn do p\u0142ukania<\/p>\n","protected":false},"excerpt":{"rendered":"<p>P\u0142yn do p\u0142ukania<\/p>\n","protected":false},"featured_media":1296,"comment_status":"open","ping_status":"closed","template":"","meta":[],"product_cat":[38],"product_tag":[],"_links":{"self":[{"href":"https:\/\/sklep-basia.pl\/index.php\/wp-json\/wp\/v2\/product\/1283"}],"collection":[{"href":"https:\/\/sklep-basia.pl\/index.php\/wp-json\/wp\/v2\/product"}],"about":[{"href":"https:\/\/sklep-basia.pl\/index.php\/wp-json\/wp\/v2\/types\/product"}],"replies":[{"embeddable":true,"href":"https:\/\/sklep-basia.pl\/index.php\/wp-json\/wp\/v2\/comments?post=1283"}],"wp:featuredmedia":[{"embeddable":true,"href":"https:\/\/sklep-basia.pl\/index.php\/wp-json\/wp\/v2\/media\/1296"}],"wp:attachment":[{"href":"https:\/\/sklep-basia.pl\/index.php\/wp-json\/wp\/v2\/media?parent=1283"}],"wp:term":[{"taxonomy":"product_cat","embeddable":true,"href":"https:\/\/sklep-basia.pl\/index.php\/wp-json\/wp\/v2\/product_cat?post=1283"},{"taxonomy":"product_tag","embeddable":true,"href":"https:\/\/sklep-basia.pl\/index.php\/wp-json\/wp\/v2\/product_tag?post=1283"}],"curies":[{"name":"wp","href":"https:\/\/api.w.org\/{rel}","templated":true}]}}