{"id":1062,"date":"2023-05-09T09:30:53","date_gmt":"2023-05-09T07:30:53","guid":{"rendered":"http:\/\/sklep-basia.pl\/index.php\/strona-glowna\/"},"modified":"2025-07-15T10:10:54","modified_gmt":"2025-07-15T08:10:54","slug":"strona-glowna","status":"publish","type":"page","link":"https:\/\/sklep-basia.pl\/","title":{"rendered":"Strona g\u0142\u00f3wna"},"content":{"rendered":"\n<div class=\"wp-block-cover\"><span aria-hidden=\"true\" class=\"wp-block-cover__background has-background-dim-0 has-background-dim\"><\/span><img loading=\"lazy\" decoding=\"async\" width=\"1920\" height=\"1280\" class=\"wp-block-cover__image-background wp-image-1063\" alt=\"\" src=\"http:\/\/sklep-basia.pl\/wp-content\/uploads\/2023\/05\/other-small.jpg\" data-object-fit=\"cover\" srcset=\"https:\/\/sklep-basia.pl\/wp-content\/uploads\/2023\/05\/other-small.jpg 1920w, https:\/\/sklep-basia.pl\/wp-content\/uploads\/2023\/05\/other-small-300x200.jpg 300w, https:\/\/sklep-basia.pl\/wp-content\/uploads\/2023\/05\/other-small-768x512.jpg 768w, https:\/\/sklep-basia.pl\/wp-content\/uploads\/2023\/05\/other-small-1024x683.jpg 1024w, https:\/\/sklep-basia.pl\/wp-content\/uploads\/2023\/05\/other-small-1536x1024.jpg 1536w, https:\/\/sklep-basia.pl\/wp-content\/uploads\/2023\/05\/other-small-600x400.jpg 600w, https:\/\/sklep-basia.pl\/wp-content\/uploads\/2023\/05\/other-small-1320x880.jpg 1320w\" sizes=\"(max-width: 1920px) 100vw, 1920px\" \/><div class=\"wp-block-cover__inner-container is-layout-flow wp-block-cover-is-layout-flow\">\n<p class=\"has-text-align-center has-large-font-size has-white-color has-text-color\">Witamy w sklepie<\/p>\n\n\n\n<p class=\"has-text-align-center has-text-color has-white-color\">Zapraszamy do zakup\u00f3w <\/p>\n\n\n\n<div class=\"wp-block-buttons is-content-justification-center is-layout-flex wp-container-core-buttons-layout-1 wp-block-buttons-is-layout-flex\">\n\n\n<div class=\"wp-block-button\"><a class=\"wp-block-button__link wp-element-button\" href=\"https:\/\/sklep-basia.pl\/index.php\/sklep\/\">Przejd\u017a do zakup\u00f3w<\/a><\/div>\n<\/div>\n<\/div><\/div>\n\n\n\n<h2 class=\"wp-block-heading has-text-align-center\">Kategorie produkt\u00f3w<\/h2>\n\n\n<div class=\"woocommerce columns-4\"><ul class=\"products columns-4\">\n<li class=\"product-category product first\">\n\t<a aria-label=\"Przejd\u017a do kategorii produktu Art. Kuchenne\" href=\"https:\/\/sklep-basia.pl\/index.php\/product-category\/art-kuchenne\/\"><img decoding=\"async\" src=\"https:\/\/sklep-basia.pl\/wp-content\/uploads\/2023\/04\/noze_z_pilka-300x225.jpg\" alt=\"Art. Kuchenne\" width=\"300\" height=\"\" srcset=\"https:\/\/sklep-basia.pl\/wp-content\/uploads\/2023\/04\/noze_z_pilka-300x225.jpg 300w, https:\/\/sklep-basia.pl\/wp-content\/uploads\/2023\/04\/noze_z_pilka-768x576.jpg 768w, https:\/\/sklep-basia.pl\/wp-content\/uploads\/2023\/04\/noze_z_pilka-1024x768.jpg 1024w, https:\/\/sklep-basia.pl\/wp-content\/uploads\/2023\/04\/noze_z_pilka-1536x1152.jpg 1536w, https:\/\/sklep-basia.pl\/wp-content\/uploads\/2023\/04\/noze_z_pilka-600x450.jpg 600w, https:\/\/sklep-basia.pl\/wp-content\/uploads\/2023\/04\/noze_z_pilka.jpg 1600w\" sizes=\"(max-width: 300px) 100vw, 300px\" \/>\t\t<h2 class=\"woocommerce-loop-category__title\">\n\t\t\tArt. Kuchenne <mark class=\"count\">(20)<\/mark>\t\t<\/h2>\n\t\t<\/a><\/li>\n<li class=\"product-category product\">\n\t<a aria-label=\"Przejd\u017a do kategorii produktu Art. \u0142azienkowe\" href=\"https:\/\/sklep-basia.pl\/index.php\/product-category\/art-lazienkowe\/\"><img decoding=\"async\" src=\"https:\/\/sklep-basia.pl\/wp-content\/uploads\/2023\/04\/zelka-300x231.jpg\" alt=\"Art. \u0142azienkowe\" width=\"300\" height=\"\" srcset=\"https:\/\/sklep-basia.pl\/wp-content\/uploads\/2023\/04\/zelka-300x231.jpg 300w, https:\/\/sklep-basia.pl\/wp-content\/uploads\/2023\/04\/zelka-768x592.jpg 768w, https:\/\/sklep-basia.pl\/wp-content\/uploads\/2023\/04\/zelka-600x462.jpg 600w, https:\/\/sklep-basia.pl\/wp-content\/uploads\/2023\/04\/zelka.jpg 964w\" sizes=\"(max-width: 300px) 100vw, 300px\" \/>\t\t<h2 class=\"woocommerce-loop-category__title\">\n\t\t\tArt. \u0142azienkowe <mark class=\"count\">(20)<\/mark>\t\t<\/h2>\n\t\t<\/a><\/li>\n<li class=\"product-category product\">\n\t<a aria-label=\"Przejd\u017a do kategorii produktu Druciaki\" href=\"https:\/\/sklep-basia.pl\/index.php\/product-category\/druciaki\/\"><img decoding=\"async\" src=\"https:\/\/sklep-basia.pl\/wp-content\/uploads\/2023\/05\/druciak_metalowy_mega-300x247.jpg\" alt=\"Druciaki\" width=\"300\" height=\"\" srcset=\"https:\/\/sklep-basia.pl\/wp-content\/uploads\/2023\/05\/druciak_metalowy_mega-300x247.jpg 300w, https:\/\/sklep-basia.pl\/wp-content\/uploads\/2023\/05\/druciak_metalowy_mega-600x495.jpg 600w, https:\/\/sklep-basia.pl\/wp-content\/uploads\/2023\/05\/druciak_metalowy_mega.jpg 714w\" sizes=\"(max-width: 300px) 100vw, 300px\" \/>\t\t<h2 class=\"woocommerce-loop-category__title\">\n\t\t\tDruciaki <mark class=\"count\">(10)<\/mark>\t\t<\/h2>\n\t\t<\/a><\/li>\n<li class=\"product-category product last\">\n\t<a aria-label=\"Przejd\u017a do kategorii produktu Folie\" href=\"https:\/\/sklep-basia.pl\/index.php\/product-category\/folie\/\"><img decoding=\"async\" src=\"https:\/\/sklep-basia.pl\/wp-content\/uploads\/2023\/05\/folia_cateringowa_45-300x231.jpg\" alt=\"Folie\" width=\"300\" height=\"\" srcset=\"https:\/\/sklep-basia.pl\/wp-content\/uploads\/2023\/05\/folia_cateringowa_45-300x231.jpg 300w, https:\/\/sklep-basia.pl\/wp-content\/uploads\/2023\/05\/folia_cateringowa_45-768x590.jpg 768w, https:\/\/sklep-basia.pl\/wp-content\/uploads\/2023\/05\/folia_cateringowa_45-1024x787.jpg 1024w, https:\/\/sklep-basia.pl\/wp-content\/uploads\/2023\/05\/folia_cateringowa_45-600x461.jpg 600w, https:\/\/sklep-basia.pl\/wp-content\/uploads\/2023\/05\/folia_cateringowa_45.jpg 1159w\" sizes=\"(max-width: 300px) 100vw, 300px\" \/>\t\t<h2 class=\"woocommerce-loop-category__title\">\n\t\t\tFolie <mark class=\"count\">(23)<\/mark>\t\t<\/h2>\n\t\t<\/a><\/li>\n<li class=\"product-category product first\">\n\t<a aria-label=\"Przejd\u017a do kategorii produktu G\u0105bki k\u0105pielowe\" href=\"https:\/\/sklep-basia.pl\/index.php\/product-category\/gabki-kapielowe\/\"><img decoding=\"async\" src=\"https:\/\/sklep-basia.pl\/wp-content\/uploads\/2023\/05\/gabka-masaz-szok-maxi-300x249.jpg\" alt=\"G\u0105bki k\u0105pielowe\" width=\"300\" height=\"\" srcset=\"https:\/\/sklep-basia.pl\/wp-content\/uploads\/2023\/05\/gabka-masaz-szok-maxi-300x249.jpg 300w, https:\/\/sklep-basia.pl\/wp-content\/uploads\/2023\/05\/gabka-masaz-szok-maxi-768x636.jpg 768w, https:\/\/sklep-basia.pl\/wp-content\/uploads\/2023\/05\/gabka-masaz-szok-maxi-600x497.jpg 600w, https:\/\/sklep-basia.pl\/wp-content\/uploads\/2023\/05\/gabka-masaz-szok-maxi.jpg 840w\" sizes=\"(max-width: 300px) 100vw, 300px\" \/>\t\t<h2 class=\"woocommerce-loop-category__title\">\n\t\t\tG\u0105bki k\u0105pielowe <mark class=\"count\">(20)<\/mark>\t\t<\/h2>\n\t\t<\/a><\/li>\n<li class=\"product-category product\">\n\t<a aria-label=\"Przejd\u017a do kategorii produktu G\u0105bki kuchenne\" href=\"https:\/\/sklep-basia.pl\/index.php\/product-category\/gabki-kuchenne\/\"><img decoding=\"async\" src=\"https:\/\/sklep-basia.pl\/wp-content\/uploads\/2023\/05\/gabka_kuchenna_5_el-300x264.jpg\" alt=\"G\u0105bki kuchenne\" width=\"300\" height=\"\" srcset=\"https:\/\/sklep-basia.pl\/wp-content\/uploads\/2023\/05\/gabka_kuchenna_5_el-300x264.jpg 300w, https:\/\/sklep-basia.pl\/wp-content\/uploads\/2023\/05\/gabka_kuchenna_5_el-600x528.jpg 600w, https:\/\/sklep-basia.pl\/wp-content\/uploads\/2023\/05\/gabka_kuchenna_5_el.jpg 612w\" sizes=\"(max-width: 300px) 100vw, 300px\" \/>\t\t<h2 class=\"woocommerce-loop-category__title\">\n\t\t\tG\u0105bki kuchenne <mark class=\"count\">(17)<\/mark>\t\t<\/h2>\n\t\t<\/a><\/li>\n<li class=\"product-category product\">\n\t<a aria-label=\"Przejd\u017a do kategorii produktu Miot\u0142y, zamiatacze\" href=\"https:\/\/sklep-basia.pl\/index.php\/product-category\/miotly-zamiatacze\/\"><img decoding=\"async\" src=\"https:\/\/sklep-basia.pl\/wp-content\/uploads\/2023\/05\/perfekta-300x211.jpg\" alt=\"Miot\u0142y, zamiatacze\" width=\"300\" height=\"\" srcset=\"https:\/\/sklep-basia.pl\/wp-content\/uploads\/2023\/05\/perfekta-300x211.jpg 300w, https:\/\/sklep-basia.pl\/wp-content\/uploads\/2023\/05\/perfekta-768x541.jpg 768w, https:\/\/sklep-basia.pl\/wp-content\/uploads\/2023\/05\/perfekta-1024x721.jpg 1024w, https:\/\/sklep-basia.pl\/wp-content\/uploads\/2023\/05\/perfekta-600x422.jpg 600w, https:\/\/sklep-basia.pl\/wp-content\/uploads\/2023\/05\/perfekta.jpg 1030w\" sizes=\"(max-width: 300px) 100vw, 300px\" \/>\t\t<h2 class=\"woocommerce-loop-category__title\">\n\t\t\tMiot\u0142y, zamiatacze <mark class=\"count\">(40)<\/mark>\t\t<\/h2>\n\t\t<\/a><\/li>\n<li class=\"product-category product last\">\n\t<a aria-label=\"Przejd\u017a do kategorii produktu Miski\" href=\"https:\/\/sklep-basia.pl\/index.php\/product-category\/miski\/\"><img decoding=\"async\" src=\"https:\/\/sklep-basia.pl\/wp-content\/uploads\/2023\/05\/miska8l-300x199.jpg\" alt=\"Miski\" width=\"300\" height=\"\" srcset=\"https:\/\/sklep-basia.pl\/wp-content\/uploads\/2023\/05\/miska8l-300x199.jpg 300w, https:\/\/sklep-basia.pl\/wp-content\/uploads\/2023\/05\/miska8l-600x397.jpg 600w, https:\/\/sklep-basia.pl\/wp-content\/uploads\/2023\/05\/miska8l.jpg 654w\" sizes=\"(max-width: 300px) 100vw, 300px\" \/>\t\t<h2 class=\"woocommerce-loop-category__title\">\n\t\t\tMiski <mark class=\"count\">(15)<\/mark>\t\t<\/h2>\n\t\t<\/a><\/li>\n<li class=\"product-category product first\">\n\t<a aria-label=\"Przejd\u017a do kategorii produktu Mopy i kije\" href=\"https:\/\/sklep-basia.pl\/index.php\/product-category\/mopy-kije\/\"><img decoding=\"async\" src=\"https:\/\/sklep-basia.pl\/wp-content\/uploads\/2023\/05\/mop_wiskozowy_dred_max-300x308.jpg\" alt=\"Mopy i kije\" width=\"300\" height=\"\" srcset=\"https:\/\/sklep-basia.pl\/wp-content\/uploads\/2023\/05\/mop_wiskozowy_dred_max-300x308.jpg 300w, https:\/\/sklep-basia.pl\/wp-content\/uploads\/2023\/05\/mop_wiskozowy_dred_max-293x300.jpg 293w, https:\/\/sklep-basia.pl\/wp-content\/uploads\/2023\/05\/mop_wiskozowy_dred_max-600x615.jpg 600w, https:\/\/sklep-basia.pl\/wp-content\/uploads\/2023\/05\/mop_wiskozowy_dred_max.jpg 744w\" sizes=\"(max-width: 300px) 100vw, 300px\" \/>\t\t<h2 class=\"woocommerce-loop-category__title\">\n\t\t\tMopy i kije <mark class=\"count\">(45)<\/mark>\t\t<\/h2>\n\t\t<\/a><\/li>\n<li class=\"product-category product\">\n\t<a aria-label=\"Przejd\u017a do kategorii produktu Papier , r\u0119czniki\" href=\"https:\/\/sklep-basia.pl\/index.php\/product-category\/papier-reczniki\/\"><img decoding=\"async\" src=\"https:\/\/sklep-basia.pl\/wp-content\/uploads\/2023\/05\/papier-300x300.jpg\" alt=\"Papier , r\u0119czniki\" width=\"300\" height=\"\" srcset=\"https:\/\/sklep-basia.pl\/wp-content\/uploads\/2023\/05\/papier-300x300.jpg 300w, https:\/\/sklep-basia.pl\/wp-content\/uploads\/2023\/05\/papier-400x400.jpg 400w, https:\/\/sklep-basia.pl\/wp-content\/uploads\/2023\/05\/papier-150x150.jpg 150w, https:\/\/sklep-basia.pl\/wp-content\/uploads\/2023\/05\/papier-768x768.jpg 768w, https:\/\/sklep-basia.pl\/wp-content\/uploads\/2023\/05\/papier-600x600.jpg 600w, https:\/\/sklep-basia.pl\/wp-content\/uploads\/2023\/05\/papier-100x100.jpg 100w, https:\/\/sklep-basia.pl\/wp-content\/uploads\/2023\/05\/papier.jpg 1024w\" sizes=\"(max-width: 300px) 100vw, 300px\" \/>\t\t<h2 class=\"woocommerce-loop-category__title\">\n\t\t\tPapier , r\u0119czniki <mark class=\"count\">(26)<\/mark>\t\t<\/h2>\n\t\t<\/a><\/li>\n<li class=\"product-category product\">\n\t<a aria-label=\"Przejd\u017a do kategorii produktu P\u0142yny\" href=\"https:\/\/sklep-basia.pl\/index.php\/product-category\/plyny\/\"><img decoding=\"async\" src=\"https:\/\/sklep-basia.pl\/wp-content\/uploads\/2024\/01\/glass5l.jpg\" alt=\"P\u0142yny\" width=\"300\" height=\"\" srcset=\"https:\/\/sklep-basia.pl\/wp-content\/uploads\/2024\/01\/glass5l.jpg 300w, https:\/\/sklep-basia.pl\/wp-content\/uploads\/2024\/01\/glass5l-150x150.jpg 150w, https:\/\/sklep-basia.pl\/wp-content\/uploads\/2024\/01\/glass5l-100x100.jpg 100w\" sizes=\"(max-width: 300px) 100vw, 300px\" \/>\t\t<h2 class=\"woocommerce-loop-category__title\">\n\t\t\tP\u0142yny <mark class=\"count\">(26)<\/mark>\t\t<\/h2>\n\t\t<\/a><\/li>\n<li class=\"product-category product last\">\n\t<a aria-label=\"Przejd\u017a do kategorii produktu Pozosta\u0142e artyku\u0142y\" href=\"https:\/\/sklep-basia.pl\/index.php\/product-category\/pozostale-artykuly\/\"><img decoding=\"async\" src=\"https:\/\/sklep-basia.pl\/wp-content\/uploads\/2023\/05\/York-rolka-do-ubran-kolor-zielony-300x300.jpg\" alt=\"Pozosta\u0142e artyku\u0142y\" width=\"300\" height=\"\" srcset=\"https:\/\/sklep-basia.pl\/wp-content\/uploads\/2023\/05\/York-rolka-do-ubran-kolor-zielony-300x300.jpg 300w, https:\/\/sklep-basia.pl\/wp-content\/uploads\/2023\/05\/York-rolka-do-ubran-kolor-zielony-150x150.jpg 150w, https:\/\/sklep-basia.pl\/wp-content\/uploads\/2023\/05\/York-rolka-do-ubran-kolor-zielony-768x768.jpg 768w, https:\/\/sklep-basia.pl\/wp-content\/uploads\/2023\/05\/York-rolka-do-ubran-kolor-zielony-400x400.jpg 400w, https:\/\/sklep-basia.pl\/wp-content\/uploads\/2023\/05\/York-rolka-do-ubran-kolor-zielony-600x600.jpg 600w, https:\/\/sklep-basia.pl\/wp-content\/uploads\/2023\/05\/York-rolka-do-ubran-kolor-zielony-100x100.jpg 100w, https:\/\/sklep-basia.pl\/wp-content\/uploads\/2023\/05\/York-rolka-do-ubran-kolor-zielony.jpg 1000w\" sizes=\"(max-width: 300px) 100vw, 300px\" \/>\t\t<h2 class=\"woocommerce-loop-category__title\">\n\t\t\tPozosta\u0142e artyku\u0142y <mark class=\"count\">(9)<\/mark>\t\t<\/h2>\n\t\t<\/a><\/li>\n<li class=\"product-category product first\">\n\t<a aria-label=\"Przejd\u017a do kategorii produktu R\u0119kawice\" href=\"https:\/\/sklep-basia.pl\/index.php\/product-category\/rekawice\/\"><img decoding=\"async\" src=\"https:\/\/sklep-basia.pl\/wp-content\/uploads\/2023\/05\/rtela-300x269.jpg\" alt=\"R\u0119kawice\" width=\"300\" height=\"\" srcset=\"https:\/\/sklep-basia.pl\/wp-content\/uploads\/2023\/05\/rtela-300x269.jpg 300w, https:\/\/sklep-basia.pl\/wp-content\/uploads\/2023\/05\/rtela-600x538.jpg 600w, https:\/\/sklep-basia.pl\/wp-content\/uploads\/2023\/05\/rtela.jpg 630w\" sizes=\"(max-width: 300px) 100vw, 300px\" \/>\t\t<h2 class=\"woocommerce-loop-category__title\">\n\t\t\tR\u0119kawice <mark class=\"count\">(8)<\/mark>\t\t<\/h2>\n\t\t<\/a><\/li>\n<li class=\"product-category product\">\n\t<a aria-label=\"Przejd\u017a do kategorii produktu Rolki do kasy\" href=\"https:\/\/sklep-basia.pl\/index.php\/product-category\/rolki-do-kasy\/\"><img decoding=\"async\" src=\"https:\/\/sklep-basia.pl\/wp-content\/uploads\/2023\/05\/rolki-300x300.jpg\" alt=\"Rolki do kasy\" width=\"300\" height=\"\" srcset=\"https:\/\/sklep-basia.pl\/wp-content\/uploads\/2023\/05\/rolki-300x300.jpg 300w, https:\/\/sklep-basia.pl\/wp-content\/uploads\/2023\/05\/rolki-150x150.jpg 150w, https:\/\/sklep-basia.pl\/wp-content\/uploads\/2023\/05\/rolki-768x768.jpg 768w, https:\/\/sklep-basia.pl\/wp-content\/uploads\/2023\/05\/rolki-400x400.jpg 400w, https:\/\/sklep-basia.pl\/wp-content\/uploads\/2023\/05\/rolki-600x600.jpg 600w, https:\/\/sklep-basia.pl\/wp-content\/uploads\/2023\/05\/rolki-100x100.jpg 100w, https:\/\/sklep-basia.pl\/wp-content\/uploads\/2023\/05\/rolki.jpg 1024w\" sizes=\"(max-width: 300px) 100vw, 300px\" \/>\t\t<h2 class=\"woocommerce-loop-category__title\">\n\t\t\tRolki do kasy <mark class=\"count\">(3)<\/mark>\t\t<\/h2>\n\t\t<\/a><\/li>\n<li class=\"product-category product\">\n\t<a aria-label=\"Przejd\u017a do kategorii produktu \u015acierki\" href=\"https:\/\/sklep-basia.pl\/index.php\/product-category\/scierki\/\"><img decoding=\"async\" src=\"https:\/\/sklep-basia.pl\/wp-content\/uploads\/2023\/05\/scierki-300x300.jpg\" alt=\"\u015acierki\" width=\"300\" height=\"\" srcset=\"https:\/\/sklep-basia.pl\/wp-content\/uploads\/2023\/05\/scierki-300x300.jpg 300w, https:\/\/sklep-basia.pl\/wp-content\/uploads\/2023\/05\/scierki-400x400.jpg 400w, https:\/\/sklep-basia.pl\/wp-content\/uploads\/2023\/05\/scierki-150x150.jpg 150w, https:\/\/sklep-basia.pl\/wp-content\/uploads\/2023\/05\/scierki-768x768.jpg 768w, https:\/\/sklep-basia.pl\/wp-content\/uploads\/2023\/05\/scierki-600x600.jpg 600w, https:\/\/sklep-basia.pl\/wp-content\/uploads\/2023\/05\/scierki-100x100.jpg 100w, https:\/\/sklep-basia.pl\/wp-content\/uploads\/2023\/05\/scierki.jpg 1024w\" sizes=\"(max-width: 300px) 100vw, 300px\" \/>\t\t<h2 class=\"woocommerce-loop-category__title\">\n\t\t\t\u015acierki <mark class=\"count\">(27)<\/mark>\t\t<\/h2>\n\t\t<\/a><\/li>\n<li class=\"product-category product last\">\n\t<a aria-label=\"Przejd\u017a do kategorii produktu S\u0142omki\" href=\"https:\/\/sklep-basia.pl\/index.php\/product-category\/slomki\/\"><img decoding=\"async\" src=\"https:\/\/sklep-basia.pl\/wp-content\/uploads\/2023\/05\/slomki-papierowe-karton-a500-720x720-2-300x300.jpg\" alt=\"S\u0142omki\" width=\"300\" height=\"\" srcset=\"https:\/\/sklep-basia.pl\/wp-content\/uploads\/2023\/05\/slomki-papierowe-karton-a500-720x720-2-300x300.jpg 300w, https:\/\/sklep-basia.pl\/wp-content\/uploads\/2023\/05\/slomki-papierowe-karton-a500-720x720-2-150x150.jpg 150w, https:\/\/sklep-basia.pl\/wp-content\/uploads\/2023\/05\/slomki-papierowe-karton-a500-720x720-2-400x400.jpg 400w, https:\/\/sklep-basia.pl\/wp-content\/uploads\/2023\/05\/slomki-papierowe-karton-a500-720x720-2-600x600.jpg 600w, https:\/\/sklep-basia.pl\/wp-content\/uploads\/2023\/05\/slomki-papierowe-karton-a500-720x720-2-100x100.jpg 100w, https:\/\/sklep-basia.pl\/wp-content\/uploads\/2023\/05\/slomki-papierowe-karton-a500-720x720-2.jpg 720w\" sizes=\"(max-width: 300px) 100vw, 300px\" \/>\t\t<h2 class=\"woocommerce-loop-category__title\">\n\t\t\tS\u0142omki <mark class=\"count\">(5)<\/mark>\t\t<\/h2>\n\t\t<\/a><\/li>\n<li class=\"product-category product first\">\n\t<a aria-label=\"Przejd\u017a do kategorii produktu Szczoteczki\" href=\"https:\/\/sklep-basia.pl\/index.php\/product-category\/szczoteczki\/\"><img decoding=\"async\" src=\"https:\/\/sklep-basia.pl\/wp-content\/uploads\/2023\/05\/szczotki-300x300.jpg\" alt=\"Szczoteczki\" width=\"300\" height=\"\" srcset=\"https:\/\/sklep-basia.pl\/wp-content\/uploads\/2023\/05\/szczotki-300x300.jpg 300w, https:\/\/sklep-basia.pl\/wp-content\/uploads\/2023\/05\/szczotki-400x400.jpg 400w, https:\/\/sklep-basia.pl\/wp-content\/uploads\/2023\/05\/szczotki-150x150.jpg 150w, https:\/\/sklep-basia.pl\/wp-content\/uploads\/2023\/05\/szczotki-768x768.jpg 768w, https:\/\/sklep-basia.pl\/wp-content\/uploads\/2023\/05\/szczotki-600x600.jpg 600w, https:\/\/sklep-basia.pl\/wp-content\/uploads\/2023\/05\/szczotki-100x100.jpg 100w, https:\/\/sklep-basia.pl\/wp-content\/uploads\/2023\/05\/szczotki.jpg 1024w\" sizes=\"(max-width: 300px) 100vw, 300px\" \/>\t\t<h2 class=\"woocommerce-loop-category__title\">\n\t\t\tSzczoteczki <mark class=\"count\">(19)<\/mark>\t\t<\/h2>\n\t\t<\/a><\/li>\n<li class=\"product-category product\">\n\t<a aria-label=\"Przejd\u017a do kategorii produktu Wiadra\" href=\"https:\/\/sklep-basia.pl\/index.php\/product-category\/wiadra\/\"><img decoding=\"async\" src=\"https:\/\/sklep-basia.pl\/wp-content\/uploads\/2023\/05\/wiadro-10-300x310.jpg\" alt=\"Wiadra\" width=\"300\" height=\"\" srcset=\"https:\/\/sklep-basia.pl\/wp-content\/uploads\/2023\/05\/wiadro-10-300x310.jpg 300w, https:\/\/sklep-basia.pl\/wp-content\/uploads\/2023\/05\/wiadro-10-290x300.jpg 290w, https:\/\/sklep-basia.pl\/wp-content\/uploads\/2023\/05\/wiadro-10.jpg 499w\" sizes=\"(max-width: 300px) 100vw, 300px\" \/>\t\t<h2 class=\"woocommerce-loop-category__title\">\n\t\t\tWiadra <mark class=\"count\">(16)<\/mark>\t\t<\/h2>\n\t\t<\/a><\/li>\n<li class=\"product-category product\">\n\t<a aria-label=\"Przejd\u017a do kategorii produktu Woreczki\" href=\"https:\/\/sklep-basia.pl\/index.php\/product-category\/woreczki\/\"><img decoding=\"async\" src=\"https:\/\/sklep-basia.pl\/wp-content\/uploads\/2023\/05\/3040a100-300x300.jpg\" alt=\"Woreczki\" width=\"300\" height=\"\" srcset=\"https:\/\/sklep-basia.pl\/wp-content\/uploads\/2023\/05\/3040a100-300x300.jpg 300w, https:\/\/sklep-basia.pl\/wp-content\/uploads\/2023\/05\/3040a100-150x150.jpg 150w, https:\/\/sklep-basia.pl\/wp-content\/uploads\/2023\/05\/3040a100-768x768.jpg 768w, https:\/\/sklep-basia.pl\/wp-content\/uploads\/2023\/05\/3040a100-400x400.jpg 400w, https:\/\/sklep-basia.pl\/wp-content\/uploads\/2023\/05\/3040a100-600x600.jpg 600w, https:\/\/sklep-basia.pl\/wp-content\/uploads\/2023\/05\/3040a100-100x100.jpg 100w, https:\/\/sklep-basia.pl\/wp-content\/uploads\/2023\/05\/3040a100.jpg 1024w\" sizes=\"(max-width: 300px) 100vw, 300px\" \/>\t\t<h2 class=\"woocommerce-loop-category__title\">\n\t\t\tWoreczki <mark class=\"count\">(24)<\/mark>\t\t<\/h2>\n\t\t<\/a><\/li>\n<li class=\"product-category product last\">\n\t<a aria-label=\"Przejd\u017a do kategorii produktu Worki na \u015bmieci\" href=\"https:\/\/sklep-basia.pl\/index.php\/product-category\/worki-na-smieci\/\"><img decoding=\"async\" src=\"https:\/\/sklep-basia.pl\/wp-content\/uploads\/2023\/05\/worek6010tasma-300x300.jpg\" alt=\"Worki na \u015bmieci\" width=\"300\" height=\"\" srcset=\"https:\/\/sklep-basia.pl\/wp-content\/uploads\/2023\/05\/worek6010tasma-300x300.jpg 300w, https:\/\/sklep-basia.pl\/wp-content\/uploads\/2023\/05\/worek6010tasma-150x150.jpg 150w, https:\/\/sklep-basia.pl\/wp-content\/uploads\/2023\/05\/worek6010tasma-768x768.jpg 768w, https:\/\/sklep-basia.pl\/wp-content\/uploads\/2023\/05\/worek6010tasma-400x400.jpg 400w, https:\/\/sklep-basia.pl\/wp-content\/uploads\/2023\/05\/worek6010tasma-600x600.jpg 600w, https:\/\/sklep-basia.pl\/wp-content\/uploads\/2023\/05\/worek6010tasma-100x100.jpg 100w, https:\/\/sklep-basia.pl\/wp-content\/uploads\/2023\/05\/worek6010tasma.jpg 1024w\" sizes=\"(max-width: 300px) 100vw, 300px\" \/>\t\t<h2 class=\"woocommerce-loop-category__title\">\n\t\t\tWorki na \u015bmieci <mark class=\"count\">(14)<\/mark>\t\t<\/h2>\n\t\t<\/a><\/li>\n<\/ul>\n<\/div>\n","protected":false},"excerpt":{"rendered":"<p>Kategorie produkt\u00f3w<\/p>\n","protected":false},"author":1,"featured_media":0,"parent":0,"menu_order":0,"comment_status":"closed","ping_status":"closed","template":"","meta":{"footnotes":""},"_links":{"self":[{"href":"https:\/\/sklep-basia.pl\/index.php\/wp-json\/wp\/v2\/pages\/1062"}],"collection":[{"href":"https:\/\/sklep-basia.pl\/index.php\/wp-json\/wp\/v2\/pages"}],"about":[{"href":"https:\/\/sklep-basia.pl\/index.php\/wp-json\/wp\/v2\/types\/page"}],"author":[{"embeddable":true,"href":"https:\/\/sklep-basia.pl\/index.php\/wp-json\/wp\/v2\/users\/1"}],"replies":[{"embeddable":true,"href":"https:\/\/sklep-basia.pl\/index.php\/wp-json\/wp\/v2\/comments?post=1062"}],"version-history":[{"count":9,"href":"https:\/\/sklep-basia.pl\/index.php\/wp-json\/wp\/v2\/pages\/1062\/revisions"}],"predecessor-version":[{"id":1420,"href":"https:\/\/sklep-basia.pl\/index.php\/wp-json\/wp\/v2\/pages\/1062\/revisions\/1420"}],"wp:attachment":[{"href":"https:\/\/sklep-basia.pl\/index.php\/wp-json\/wp\/v2\/media?parent=1062"}],"curies":[{"name":"wp","href":"https:\/\/api.w.org\/{rel}","templated":true}]}}